4*d - 14 = -2*d + 3*c, -3*d + 3*c - q = 0. Let a(z) = -z + 5. Calculate a(d).
9
Let n(k) = k**2 - 2*k. Let j(c) = c**2 - 2*c + 10. Let b(f) = -j(f) + 2*n(f). Calculate b(0).
-10
Let k be 3/2*(-112)/(-24). Let y(s) = s**3 - 7*s**2 - s + 9. Calculate y(k).
2
Let y(a) = -a - 5. Let p(f) = -3*f - 14. Suppose 11*t - 80 = t. Let o(d) = t*y(d) - 3*p(d). Calculate o(0).
2
Suppose -4*d = -164 - 68. Let z = d + 41. Let y(x) = -2*x - z + x + 98. Give y(4).
-5
Let k = -635 - -644. Let n(b) = b**2 - 10*b + 12. What is n(k)?
3
Let v(s) be the second derivative of -s**3/6 + s**2/2 - 16*s. Let n be v(2). Let q(x) = 2*x**2 - x. Determine q(n).
3
Let s be (-6)/6*(3 - 0). Let u(x) be the first derivative of x**2/2 + 2*x + 205. Calculate u(s).
-1
Let s(c) be the third derivative of c**6/120 + c**5/30 + c**4/12 - c**3/3 - 14*c**2 + 2*c. Give s(-2).
-6
Suppose -8*v = -3*v - 3*u + 7, -4*u = 5*v + 14. Let f(l) = l**3 + 2*l**2 - 2*l - 3. Calculate f(v).
1
Let w(t) = -t**3 + 3*t**2 + 4*t + 1. Suppose 0 = -6*l + 16 + 8. Determine w(l).
1
Let m(v) be the second derivative of v**3/6 + 2*v**2 + 42*v. Determine m(2).
6
Let u(a) = a**3 + 10*a**2 + 8*a - 10. Let q be u(-9). Let l(i) = -18*i**2 - 2*i - i + 0*i**2 + 2*i. What is l(q)?
-17
Let v be 3/9 - 11/(-3). Let z(x) = -6*x - x - v*x. Suppose -44*j = -37*j + 7. Calculate z(j).
11
Let i(b) = 15*b**2 + 35*b - 28. Let l(g) = -7*g**2 - 17*g + 12. Let w(r) = -6*i(r) - 13*l(r). Determine w(-8).
-12
Let m(g) = g + 9. Suppose 828*l + 24 = 834*l. What is m(l)?
13
Let o(z) = 2*z**2 + z. Let k be o(-1). Let u be (k/2)/((-2)/(-12)). Let d(s) = 3*s**2 + u*s**3 + 2 + 6*s**3 - 8*s**3. Calculate d(-2).
6
Let a(i) = i**3 + 5*i**2 + i - 5. Let h be a(-4). Let t(r) = 4*r**2 + h - 5*r**2 - 1 - r**3. Let u = -143 - -143. Determine t(u).
6
Let m be (-60)/9*(1/2 + -2). Let u(d) = d - 10. What is u(m)?
0
Let c(w) = w**3 - w**2 + 2*w. Let s be c(1). Let a(b) = -b - 1 - b**2 + s*b**2 + 0*b**2. What is a(3)?
5
Suppose 0 = -3*g + a + 112 - 110, -3*g + 14 = 2*a. Let k(d) = d**3 + 0*d - 2*d**3 + 1 + 2*d. Determine k(g).
-3
Let y = 2 + 2. Let x(l) be the first derivative of l**3/3 - 3*l**2/2 - 5*l - 60. Determine x(y).
-1
Let b be 4*5*4/40. Let t be (16/(-6) + b)*(19 + -10). Let k(l) be the first derivative of -l**2 - 5*l + 1. Determine k(t).
7
Let n(z) = 13*z**3 + z**2 + 2*z + 1. Suppose 0 = -9*c + 8 - 17. Determine n(c).
-13
Let q(f) be the third derivative of f**4/12 + 55*f**3/6 + 468*f**2. Calculate q(-25).
5
Suppose 4*v - 3*a - 16 + 88 = 0, 0 = 5*v - 2*a + 83. Let o be 3/(1 - v/(-10)). Let r(w) = w**3 - w + 5*w**2 + 2*w**2 - 7 - w**2. Calculate r(o).
-1
Let o(u) be the second derivative of u**3/3 - 7*u**2/2 - 20*u - 6. Give o(5).
3
Let h(c) = 2 + 843*c - 1683*c + 1 + 842*c. Let k be 1/(-1)*-1 + -3. Let y be h(k). Let r(u) = -6*u**2 - u. Determine r(y).
-5
Let d(g) = -2*g + 13. Let f(x) = -x + 6. Let w(a) = a**3 - 9*a**2 + 10*a - 13. Let l be w(8). Let o(c) = l*d(c) - 5*f(c). What is o(0)?
9
Let a(p) = p - 28. Let m be a(37). Let l(v) = v**2 - 9*v - 7. What is l(m)?
-7
Let i(t) be the first derivative of -2 + 2*t - 19 + 4*t**2 - 5*t**2 + 9. Suppose -2*u = 3*x + 4, -u - 2*u - 3*x = 0. Determine i(u).
-6
Let v be 48*(6/(-9) - 0). Let w = -29 - v. Let r(n) = n**3 + n. Let o(m) = 4*m**3 - 5*m**2 + 6*m + 3. Let d(j) = -o(j) + 3*r(j). Give d(w).
6
Let y(c) be the third derivative of -c**5/120 - c**4/2 + c**3/6 + c**2. Let z(w) be the first derivative of y(w). Suppose -113*h + 162*h = -294. Determine z(h).
-6
Let s = 33 - 34. Let v be 5/(-5) - (s - 4/2). Let m(q) = -4*q + 2. Give m(v).
-6
Let s(q) = -1108 + 3*q + 1122 - 7*q + 0*q + 2*q. Determine s(-3).
20
Let g(c) = -c**3 + 3*c**2 - 1. Suppose 12 = 4*m - 3*p, -2*m + 5*p = 2*m - 12. Calculate g(m).
-1
Let v(o) = 1. Let f = 14 - 13. Let d(n) = -f + 3 + n - 2. Let p(x) = -d(x) - 6*v(x). Calculate p(-5).
-1
Let n(t) = 6*t**2 + 13*t - 3. Let c(g) = 7*g**2 + 14*g - 2. Let s(r) = -5*c(r) + 6*n(r). Let z be s(-9). Let p(h) = 3 - 1 + 2*h**2 + z + 2*h - 4. What is p(-2)?
3
Let j(w) = -9 - w**3 + 9*w**2 - 11*w + 3*w + 2. Let v = 4594 - 4586. What is j(v)?
-7
Let q(x) = -3*x**2 - x. Let d be q(0). Let k(m) = 0 - 9 + m**2 - 5*m + d*m + 13. Give k(4).
0
Suppose -2*w - 16 = -0*g - 2*g, w - 22 = -4*g. Suppose -3*q - g = 9. Let f = 3 + q. Let y(v) = v**3 + v**2 + 3*v + 2. Give y(f).
-8
Let d = -301 - -306. Let y(b) = 4*b**2 - 4*b**3 + 2*b**2 - 7 + 3*b**3 - 5*b. Give y(d).
-7
Let g = -274 + 549/2. Let w(k) be the first derivative of -k**3 - k + g*k**2 + 3. Give w(2).
-11
Let m(n) = -n**3 + 7*n**2 + 10*n - 10. Suppose -2*y = 2*d + 2, -4*y + 2*d + 15 = 1. Suppose 4*k = 3*i - 16, 0*i + 8 = y*i - 4*k. What is m(i)?
6
Suppose -127*o + 122*o + 15 = 0. Let a(k) = -20*k**3 - 8*k**2 + 17*k + 9. Let j(r) = -7*r**3 - 3*r**2 + 6*r + 3. Let q(z) = -6*a(z) + 17*j(z). Calculate q(o).
-3
Suppose -4 = -10*q + 46. Suppose -g - 3*p + 9 = -0*p, 0 = q*g + p + 25. Let b(h) = -h**3 - 7*h**2 - h. Calculate b(g).
-30
Let r(h) = h + 11. Let b(p) = p + 1. Let z(a) = a. Let f(g) = 2*b(g) - 3*z(g). Let q be f(-2). Suppose -q*v + 4*y + y = 43, -5*y = -5*v - 50. What is r(v)?
4
Suppose 5*m = r + 2*r - 20, 0 = -m - 4. Suppose r = 2*c - 2 - 6. Let y(h) = h - 3. Give y(c).
1
Let j(g) = g**3 - 3*g**2 - 3*g + 3. Let k = 0 + 3. Let p be k + -3*1/(-3). Give j(p).
7
Suppose -5*h = -4*t, -12*h + 5*t = -16*h. Let w(p) be the second derivative of 5/2*p**2 + h - 1/6*p**3 - p. Give w(6).
-1
Let o(q) = q**2 - q - 2. Let d be o(0). Let s(l) = 2*l**2. Let m(a) = a**2 - a. Let y(w) = m(w) - s(w). Give y(d).
-2
Let a be (-76)/171 - (-3 + 52/(-36)). Let y(b) = -b**3 + 2*b**2 + 7*b - 10. What is y(a)?
-14
Let z = 12 - 12. Let w(d) = 3*d**2 + z*d**2 - 42 + 44 - 4*d**2. Calculate w(-3).
-7
Let t(q) = -6*q - 8 + 4*q - 1. Let d = -195 - -187. Determine t(d).
7
Let z(d) = 4*d - 10 + 3 - 3*d. Let n be z(9). Let g(x) = -3*x - 8 - x + 3 + 5*x + x**n. What is g(-4)?
7
Let w be 9 + (3 + -2)*1. Suppose w - 6 = 4*k. Let b(c) = 3*c**3 + c - 1. Give b(k).
3
Let n(t) be the second derivative of 1/6*t**3 + t - 1/6*t**4 + 0*t**2 + 0. What is n(-2)?
-10
Let i(l) = 1 + 2 + 2*l - 7*l + 5. Let w(q) = q**2 - q - 6. Let x be w(-3). Calculate i(x).
-22
Suppose -4*y - 6 = u, -2*y + 18 = 5*u - 6*y. Suppose -5*i + 28 = -4*q, -4*i = -2*q - u*q - 20. Let g(x) = x**3 - 7*x**2 - 7*x - 3. Determine g(i).
5
Let f(d) be the third derivative of -d**5/60 + d**4/12 + d**3/6 + d**2. Let l(z) = -z**3 - 4*z**2 + 10*z + 13. Let x be l(-7). Let t = 92 - x. Give f(t).
1
Let q(x) = -5*x + 4 - 4*x - 4*x + 9*x. Let j(c) = -c**3 + 9*c**2 + 23*c - 15. Let t be j(11). Let u(h) = -5*h + 5. Let g(b) = t*q(b) + 3*u(b). Calculate g(5).
4
Let b be (-3 - (-18)/3) + 13. Let h(p) = p - 32. Give h(b).
-16
Let b = -45 - -75. Suppose v - 15 = -3*d - 3, 5*v + 5*d - b = 0. Let q(k) = 2*k - v*k + 2*k + 2. Give q(-7).
-5
Let y(g) = -g**2 - 5*g. Let w be ((-7)/(70/(-12)))/((-8)/40). Let c be y(w). Let q(f) = f**3 + 5*f**2 - 6*f + 5. Give q(c).
5
Let c = 46 - 43. Let n(m) = 2*m - 4. What is n(c)?
2
Suppose 4 = -20*p + 22*p. Let k(g) = 97 + g**p - 55 - g - 45. Calculate k(3).
3
Let p(y) = 8*y**2 + 7*y - 9. Let g(z) = 4*z**2 + 4*z - 5. Let h(q) = 7*g(q) - 4*p(q). What is h(-1)?
-3
Let v(h) = -h**3 + h**2 - h - 7. Suppose -5*b + 8 + 2 = 0, 3*y + 3*b - 12 = 0. Suppose -p + y = z, p - 5 = -2*z - 1. What is v(p)?
-7
Let y(i) = -i**2 + 5*i - 5. Let t be 4/(-10) - (-81)/15. Suppose -13 - 7 = -t*r. What is y(r)?
-1
Let l(w) = -w**2 - 19*w - 45. Let y(x) = -x**3 - 21*x**2 - 19*x + 4. Let q be y(-20). What is l(q)?
3
Let q(p) be the third derivative of 0*p + 0 - 7/6*p**3 + 1/24*p**4 - 20*p**2. Suppose -3*f + 16 = 4*c + f, 16 = 4*c + f. What is q(c)?
-3
Let l(m) = -4*m - 4. Let c(q) = q**2 - 30*q + 51. Let y be c(28). What is l(y)?
16
Let v = -103 + 101. Let a(w) = -2*w**3 + 3*w**2 + 4*w + 3. Give a(v).
23
Let z = -110 - -114. Suppose -1 = -p - 2. Let u(k) = -k**3 - k. Let h(l) = 2*l**3 - 6*l**2 + 7*l - 4. Let x(j) = p*u(j) - h(j). Give x(z).
12
Let d be (-5 + 15)*(-2 + -2). Let c = 41 + d. Let v(l) = 0 + 2*l + 5 + c. Give v(-4).
-2
Let t be (0 - 2/2)/(-1)*1. Let h(v) = 7*v + v**2 - 6*v + 0 + t + 7*v. Let b(d) = -d**2 + 5*d. Let z be b(6). What is h(z)?
-11
Let y(u) = 0*u + u + 5*u**2 + 2 - 2*u + u**3. Suppose 19 = -6*t + 49. Suppose -4*z = -t*n